ive d(-5).
12
Let p(z) = -z**2 - 14*z - 8. Suppose 12*t + 390 = -18*t. What is p(t)?
5
Let z(w) = -3*w**2 + 7*w - 7. Suppose 0 = -47*o + 65*o - 54. Give z(o).
-13
Let z(u) = -137*u + 45*u + 45*u + 51*u + 1. Let a = -2 - -4. Give z(a).
9
Let z(a) = 32*a + 32*a - 5 + 0 - 59*a. Determine z(1).
0
Let q be (-3216)/(-18) - (-4)/3. Let l be (-5)/(q/(-152)) - (-8)/(-36). Let o(x) = -x**2 + 4*x. Give o(l).
0
Let i(l) = l**2 - l - 2. Let r be (36/10)/((-12)/80). Let m be r/16 - (-2)/4. Let t = m + 3. What is i(t)?
0
Let u(n) be the first derivative of -n**4/4 + 3*n**3 - 9*n**2/2 + 10*n - 199. Suppose 7*o - 24 = 4*o. Give u(o).
2
Suppose -4 = -n - 6. Let c be n/4 - 14/(-4). Let m(p) = -p**3 + 3*p**2 - 2*p - 2. What is m(c)?
-8
Let v(a) = 2*a + 17. Let q(i) be the first derivative of -i**2/2 - 8*i + 23. Let y(w) = 13*q(w) + 6*v(w). Give y(5).
-7
Let l = 16 + -17. Let c(g) = -3*g**2 + 3*g - 5. Let t(v) = v**2 - v - 1. Let x(q) = l*c(q) - 4*t(q). Calculate x(0).
9
Let b(x) = 2*x**2 + 4*x + 1. Let m(k) = k**3 + 13*k**2 + 14*k + 30. Let w be m(-12). Suppose 38*f + w = 36*f. Give b(f).
7
Let h(d) be the third derivative of -d**5/15 - d**4/8 + 5*d**3/6 - 118*d**2. Determine h(2).
-17
Let t(p) be the third derivative of 7/6*p**3 + 0*p - 17*p**2 + 0 - 1/6*p**4. Calculate t(5).
-13
Let s(x) = -4*x**2 + 9 - 2*x**2 + 5*x**2 - 2*x - 4*x. Let d be s(-5). Let z(y) = -16*y - d*y + 32*y. Calculate z(1).
2
Let x(b) = b**3 - 6*b**2 + 6*b + 5. Suppose -139*q - 30 = -145*q. Determine x(q).
10
Let o(h) = -h**2 + h + 10. Suppose 3*i - 46 = -5*c, 2*c + 2*i - 14 = 3*i. Suppose -12*b = -c*b - 32. Suppose 0 = 4*n - b*n. What is o(n)?
10
Let n be 1/4 - (-65)/(-20). Suppose -5*m - 3 = -4*g, -2 = 5*m - 2*g - 3. Let i(a) = -4 + 6*a + m + 0 - 3*a + a**2. Give i(n).
-3
Let w(g) = -3*g**2 - g - 1. Let i(p) = -p**2 + 6*p - 7. Let a(j) = j + 4. Let z be a(1). Let t be i(z). Give w(t).
-11
Let n(b) = -b + 4. Suppose 0 = 10*x - 3*x. Let k be x*(2 + 0 + -1 - 0). Give n(k).
4
Suppose -2*t + 0*t = -6*t. Suppose t = 14*u - 7*u + 14. Let h(g) = -2*g**2 - 3*g. Calculate h(u).
-2
Let q(r) = -9*r + 1. Let a = -321 - -322. Give q(a).
-8
Let k(d) = 2*d**3 - d - 1. Suppose 0 = -q - 5*i - 16, -3*q + 6*i + 20 = 4*i. Suppose q = -3*f + 1. Calculate k(f).
-2
Let f(n) be the second derivative of -n**5/20 - n**4/12 - 2*n**2 - 70*n. Determine f(0).
-4
Let y(i) = -i - 7. Let p(s) = 3*s**3 - s**2 + 2*s - 1. Let z = -12 - -13. Let h be p(z). Suppose -k + 2 + h = 0. Determine y(k).
-12
Let t(s) = -4*s**2 - 4*s - 6. Let d(k) = k**3 - k - 1. Let n(u) = d(u) - t(u). Let h = 683 + -687. Give n(h).
-7
Suppose 2*x = 3*o + 6, 4*x - 2*o - 4 = 6*x. Let s(c) = -1 - 9*c + 3*c + x*c. Give s(1).
-7
Let r(z) = -3*z - 10. Suppose -7 - 5 = 2*v. Determine r(v).
8
Let j(t) = -4*t**2 - t + 11. Let c(l) = 5*l**2 + 2*l - 12. Let x(z) = 5*c(z) + 6*j(z). Suppose -3*h + 29 = 44, 25 = -4*o - h. Give x(o).
11
Let a(s) = 2*s + 47. Let j be a(-21). Let i(g) = 8*g**2 - 39*g**3 + j*g - 9 - 39*g**3 + 79*g**3. Determine i(-7).
5
Let v(y) = 0*y**2 - 4 - 3*y**2 + 5 + 2*y**2. Let k(s) = -4*s**2 + 2*s + 3. Let u(f) = k(f) - 2*v(f). Give u(3).
-11
Let v = 369 + -368. Let f(m) = -20*m**3 - 2*m**2 + m. Determine f(v).
-21
Let f(v) = 13*v - 2. Let s(z) = -14*z + 2. Let n(a) = 5*f(a) + 4*s(a). What is n(-1)?
-11
Let c(k) = k**3 - 2*k**2 - k + 1. Let t(j) = 3*j**3 - 1. Let v be t(1). Give c(v).
-1
Let c(j) = 28*j**3 + 8*j**2 - 8*j + 5. Let h(f) = 9*f**3 + 3*f**2 - 3*f + 2. Let u(q) = 3*c(q) - 8*h(q). Let w be (4/4 + -2)*-1. What is u(w)?
11
Let a(i) = -i**3 - 5*i**2 - 2*i - 1. Let t = -52 - -51. Let h(w) = -w**2 - w + 1. Let z(q) = t*a(q) + 2*h(q). Give z(-3).
3
Let l(q) be the first derivative of 17*q**2/2 + 13*q - 1. Let g(v) = -v + 55. Let j be g(29). Let u(z) = 4*z + 3. Let d(f) = j*u(f) - 6*l(f). Give d(4).
8
Let r(l) = 10*l. Suppose 27 = 15*p + 12. Determine r(p).
10
Let q = 34 + -41. Let i(w) be the first derivative of w**2/2 + 10*w - 12. Give i(q).
3
Let k(i) be the second derivative of i**5/120 + i**4/4 - 7*i**3/6 + 12*i. Let q(c) be the second derivative of k(c). Give q(7).
13
Let j(v) be the third derivative of v**5/120 + v**4/4 - 11*v**3/6 - 5*v**2. Let u(f) be the first derivative of j(f). Give u(5).
11
Let j = -23 + 24. Let a be (j/(-2))/((-3)/156). Suppose a = 5*p - 3*o, 3 = 4*p - 5*o - 10. Let t(b) = b**2 - 9*b + 8. What is t(p)?
-6
Let i(k) = k - 4. Let a be (-8)/7 + (24/21 - 1). Let o be 2 - (a - (-5 - 6/(-3))). Calculate i(o).
-4
Let y(h) = 7*h**2 + h + 1. Let x(w) = -36*w**2 + 4*w + 21. Let o(t) = x(t) + 5*y(t). Determine o(11).
4
Let i(p) be the second derivative of -3*p**3/2 - 12*p**2 + 946*p. Give i(-2).
-6
Let z(t) = -t**3 + 5*t**2 + 9*t - 13. Let k be (-75)/35 - -8 - 3/(-21). Give z(k).
5
Let o be 2/8 + (-29)/4. Let m(y) = -3573 + 1774 + y + 1791. Determine m(o).
-15
Suppose 2*a + 377*q = 374*q - 11, 4*a - 33 = 5*q. Let d(t) be the third derivative of 0 - t**2 + 2/3*t**3 + 0*t - 1/24*t**4. What is d(a)?
2
Let o(z) = z**3 + z**2 + z - 1. Suppose 0 = 53*m - 65 + 12. Calculate o(m).
2
Let h(p) be the second derivative of -p**6/120 + 7*p**5/60 + p**4/24 - p**3 - 6*p**2 - 12*p. Let u(g) be the first derivative of h(g). What is u(7)?
1
Let r(a) be the first derivative of 1/4*a**4 - 2 + 0*a + 1/2*a**2 + 1/3*a**3. Let w be (8/(-10))/(10/(-25)). Determine r(w).
14
Let x be (4 - (-32)/(-6))*(4 + -7). Let z(j) = j**2 - j - 3. Determine z(x).
9
Let b(a) be the third derivative of 16*a**2 + 1/60*a**5 + 1/6*a**4 + 5/6*a**3 + 0*a + 0. Give b(-4).
5
Let p(f) = f**2 - 5*f. Let u(m) = m**3 + 9*m**2 + m + 14. Let z be u(-9). Suppose -5*c - z*n = -30, -6*c + 4*c = -2*n - 8. What is p(c)?
0
Let x(t) = -t**2 - 5*t. Let d be x(-5). Let p(u) be the first derivative of -1/3*u**3 - 1/4*u**4 + 4*u + 3 + 0*u**2. Give p(d).
4
Let m(z) = -z**2 - 9*z - 8. Let q(n) = n**2 + 18*n + 44. Let t be q(-15). Let b be (11 + (-6)/3)*t. Calculate m(b).
-8
Let c = 80 - 78. Let z(q) = q**3 - q - 5*q + 8*q + q**c. Determine z(-2).
-8
Let u(x) = x**2 - 21*x. Let t(d) = d**2 - 23*d - 2. Let m(l) = -4*t(l) + 5*u(l). Calculate m(10).
-22
Suppose -m - 3*m = -12. Suppose -5 = -m*b - v + 5, -b + 5*v - 2 = 0. Let p(s) = -2*s - 4*s**2 - b - 2*s**2 + 5*s**2 + 7*s. What is p(6)?
-9
Let q(t) = t**3 + 5*t**2 - 9*t - 2. Let w(n) = 2*n + 4. Let r be w(0). Suppose r*v - 18 = 5*z, 14 + 1 = -2*z - v. What is q(z)?
16
Let w = 404 - 413. Let p(j) = -j - 10. What is p(w)?
-1
Let s(b) = b**3 + 8*b**2 + 11*b - 4. Let i(c) = 2*c**2 + 20*c - 5. Let l be i(-10). Give s(l).
16
Let y(t) = 2*t - 1. Let k(j) = -5*j + 2. Let h be ((-1)/(-3))/((-10)/(-210)). Let v(m) = h*y(m) + 2*k(m). Give v(-3).
-15
Let a(r) be the second derivative of -r**6/180 + r**5/40 - 5*r**4/12 - 13*r. Let s(q) be the third derivative of a(q). Calculate s(3).
-9
Let s(o) = -6*o - 3. Let y(l) = -2*l - 1. Let j(i) = -2*s(i) + 5*y(i). Let g(t) = t**3 - 6*t**2 + 6*t - 6. Let k be g(5). Calculate j(k).
-1
Let n(u) = u + u**3 + 3*u - 56*u**2 + 50*u**2. Give n(4).
-16
Let m(a) = -2*a**3 + 4*a**2 + 4*a - 5. Let b be 10/(-10) - (0 + 0). Let d(j) = -j**3. Let g(l) = b*m(l) + d(l). What is g(5)?
10
Let c be (2 + (-209)/121)*33. Let l(m) = 9*m - 74. What is l(c)?
7
Let z(f) = -5*f + 1. Let i be z(1). Let u(h) = 4*h. Suppose 6 = -5*l + 7*l. Let x(g) = -5*g. Let w(a) = l*u(a) + 2*x(a). Determine w(i).
-8
Let d(b) = -29 + 29 + 9*b. Suppose -o = -0*o + 5*y - 4, 0 = -y. Suppose 5*k + 2*t - 4*t + 3 = 0, 0 = -o*k + t - 3. Give d(k).
-9
Let o(q) be the second derivative of 17/20*q**5 - 1/3*q**3 - 1/2*q**2 - 1/12*q**4 + 0 - 19*q. Calculate o(-1).
-17
Let a(w) = -2*w**2 + 5*w. Let y be (-11)/(-55) + 14/5. Let x be y - (-1 + (-1 - -1)). Determine a(x).
-12
Let d(u) = 4*u**2 - 11*u - 27. Let h(n) = n**2 + 2*n - 1. Let c(v) = d(v) - 6*h(v). Determine c(-10).
9
Let m(o) be the second derivative of -o**4 - o**3/3 - 212*o. Calculate m(-2).
-44
Suppose 5*x + 122 - 22 = 0. Let p = 16 + x. Let q(l) = -l**2 - 4*l + 5. Calculate q(p).
5
Let l(y) be the first derivative of -y**2 + 2*y + 656. Determine l(6).
-10
Let l(m) = 9*m - 63. Let g(i) = 5*i - 33. Let n(t) = 11*g(t) - 6*l(t). Calculate n(-12).
3
Let f(c) = 2*c**2 - 4*c**3 + c**2 + 7*c**3 + 3 + 3*c - 2*c. Let b(d) = d**3 - d. Let q(z) = 2*b(z) - f(z). Determine q(-3).
6
Let y(u) = -u**3 - u**2. Let m be (